What is the value of -20 + 38 + 10 + -35?
-7
-3 + 9 + -18 - -9
-3
What is the value of 8 + -1 - (18 + 12 + (-4 - 10))?
-9
Evaluate -39 - -2 - (16 + -9 + -7 - 9).
-28
What is the value of 6 + -1 - (-1 + 17 + 281 + -262)?
-30
(15 + -14 - 13) + 22
10
Calculate 8 + 3 - (-43 - -45).
9
What is 15 + 7 + 13 + -24 + 12?
23
Evaluate 118 + -110 + 4 + -1 + -1 + 1.
11
Evaluate 5 - ((6 + -8 - 2) + -4).
13
-27 + 26 + -1 + 8 - 1
5
Calculate 3 - (-2 - (2 - 0)) - (110 + -105).
2
Evaluate -1 + 2 + (-3 - -11 - 2).
7
Evaluate -9 + (-5 - (-8 - -3)) - 28.
-37
What is the value of 42 + 11 + -40 + -20?
-7
Evaluate 4 + 5 + 23 + 0.
32
Calculate (-2 - (11 + (1 - 42))) + -11.
17
Evaluate (-1010 - -994) + (-1 + 0 + 1 - 0).
-16
What is 0 + -5 + 7 - 1 - 7?
-6
Calculate -15 + (6 - 9) + 0 + 3.
-15
Evaluate -30 - (-12 + 45) - -34.
-29
2 + (37 - 4) + -34 + 1 + -1
1
(27 - 18) + -31 + 10 + (-5 - -1)
-16
Evaluate (3 - ((17 - 18) + -7)) + -17.
-6
What is 25 - 8 - 28 - (-3 + 2)?
-10
Calculate 2 - (9 + -9) - (-1 + 8).
-5
What is -23 + (11 + -6 + -4 - -10)?
-12
Evaluate (-14 - (14 + -21)) + 7.
0
What is the value of -43 - (-29 - -16 - 6)?
-24
Calculate 14 + (-6 - -15) + -2 - -3.
24
Calculate -15 + 0 + (20 - 3).
2
What is (-6 + -8 - -8 - -18) + (-1 - 6)?
5
What is the value of 16 + (18 + -21 - (1 + 1)) - 4?
7
Calculate -3 + 8 - (-533 + 528).
10
(20 - (16 - 9 - 1) - 6) + -37
-29
Calculate (-7 + 26 - 2) + (-47 - -54).
24
What is 17 + (-5 - (-7 + -1 - -8))?
12
What is (99 - 82) + -2 + 2 + (-4 - -2)?
15
What is -11 + (-11 - 6) + 19?
-9
Calculate (2 - 0 - (-37 - -22)) + -15.
2
Evaluate -8 + (3 - -5) + 9 + -2.
7
What is 48 + -63 + (20 - -5)?
10
Evaluate 6 - (16 - (-3 + 16)).
3
What is the value of -454 - -458 - (1 + 0)?
3
2 + 7 - (-3 + -2 - (2 + -11))
5
(-7 - -36) + -16 + 1 + -3 + 0
11
306 + -292 - (-1 - 3 - -14)
4
Calculate 63 + -60 - (-11 - -2).
12
Calculate -29 + 22 + 18 - (2 - -2).
7
What is -697 - -692 - ((2 - 1) + 10)?
-16
Calculate 5 - (1 + 13) - 28 - -8.
-29
What is the value of -28 - -28 - -44 - 10?
34
What is -1 + -1 + 104 + -111 - -18?
9
What is 3 + 8 + 0 + (74 - 96)?
-11
Calculate 5 - (-3 + -4) - (14 - -19).
-21
What is the value of -3 + -1 + -6 + -9 + 16?
-3
-24 + (-16 - -22) + 0 - (-2 - 1)
-15
Calculate 4 + -11 + 12 - (13 + (3 - 4)).
-7
What is the value of -8 + -2 + (-6 - -20) + (1 - -19)?
24
What is the value of (9 + 9 + -8 - 10) + -7 + -1?
-8
12 - ((-2 + 21 + 2 - 11) + -20)
22
Evaluate 82 + -78 + (-2 - 7).
-5
What is the value of 8 + 12 + -3 + -9 - -11?
19
(-2 - (-16 + 11 - -4)) + 7
6
What is the value of -4 + -7 + 17 - -5 - 13?
-2
-52 + -7 + 54 - (2 - 1 - 1)
-5
What is the value of 5 - (0 + (0 - (6 + 0 + -6)))?
5
What is the value of (-1 - 5) + 8 + 1 + (-15 - -7)?
-5
What is (5 - -6 - (14 - 7)) + 10?
14
What is the value of -4 - (7 - 0) - (-66 - -65)?
-10
What is the value of 28 + 1 + (6 - 19) + 0 + 5?
21
What is the value of -1 + (-5 - (0 - (10 + -9))) - -8?
3
0 + 8 - (75 - 60) - -1
-6
What is the value of -1 + 20 - ((13 - -3 - 18) + 5)?
16
Calculate -2 - ((4 - -6) + -7) - (1 + 3).
-9
Evaluate 1 + -4 - -5 - (-12 - -18 - 13).
9
Calculate 1 + (2 - -1) - (-74 + 74).
4
-3 + (21 - (8 - (-10 + 10)))
10
Calculate 3 + -1 - (-22 + 32).
-8
Evaluate -1 + 14 + (5 - (-3 + 8)).
13
What is 1 - -4 - (8 - -23 - 22)?
-4
Evaluate ((2 - -4) + -5 - (-34 + 31)) + -22.
-18
Calculate (-40 - (3 - 13)) + 0.
-30
Calculate 2 + (-15 - -4 - -10).
1
What is 4 + 4 + (-6 - -11 - 13) - 3?
-3
Calculate 3 - (1 + -1) - (6 + 6 + -7).
-2
What is the value of (10 - 7) + 0 - (-6 - -5)?
4
What is the value of -19 + (-44 - -63) + (-11 - 0 - -2)?
-9
Calculate -8 - (-38 - -4 - -18).
8
What is the value of 14 - 6 - (30 + (-13 - -7))?
-16
What is (10 - 14) + (0 - (-3 - -1))?
-2
Calculate -10 + 0 + (-7 - -19) + -6.
-4
7 - (7 + 1 + 6 + (32 - 36))
-3
3440 + -3390 - (1 + 18)
31
Calculate 26 - (15 + (-12 - -18)).
5
6 + (1 - (-8 + 5))
10
Calculate -10 - -17 - ((-10 - 7) + 19).
5
Calculate 17 + -18 + (0 - 2) - -19 - 6.
10
What is the value of -6 - (-8 - (12 + -11))?
3
-5 + 4 + -4 - (13 + 4 - 6)
-16
What is (19 - 25) + 17 + -6 + 2?
7
Evaluate 18 - (31 + -18) - (0 - 1 - -12).
-6
What is -12 + -24 + 24 - (12 + 2)?
-26
Calculate -6 + (-11 - (11 + -34 + -9)).
15
Evaluate -36 + 8 + 25 + 2.
-1
-27 - (8 + -22) - (18 + 0)
-31
Evaluate (-8 - -1 - -9) + 8 + -20.
-10
What is -31 + 1 + -9 + 91 + -69?
-17
Calculate (0 - -18) + (142 + -62 - 99).
-1
What is the value of -13 + 48 - (43 - -16)?
-24
Evaluate (952 - 991) + 0 + 64.
25
8 + 7 + (-12 - 7)
-4
Evaluate (2 - 1) + 12 + -11 + 1.
3
Calculate -34 + 33 - -41 - 20.
20
What is -3 - (2 + -3 - 11)?
9
What is the value of -5 - 5 - (-15 - -26)?
-21
(8 + -12 - (1 + -10)) + 9 + -26
-12
-11 + 6 + -24 + 28
-1
What is 23 + (-11 - (-14 + 12))?
14
What is -2 - (12 + -13 + 8 - -2)?
-11
Evaluate -3 - 1 - (-18 + (7 - -1) + 5).
1
(-8 - (-43 + 49)) + (-1 + 0 - -10)
-5
What is the value of -1 + 3 + 2 - ((-10 - -6) + -14)?
22
What is the value of 14 + (-30 + 21 - 13)?
-8
What is the value of 19 + (1 - -2 - (3 - (-10 - -7)))?
16
What is (18 - (23 + -14)) + 0 + 0?
9
-21 + 25 + 5 + -2 + 4
11
What is 2 + -23 + (-2 - (4 - 7) - -1)?
-19
-40 - -40 - (-10 + 2 - 0)
8
Evaluate 86 - 74 - (-9 - 2).
23
What is the value of -23 - (-25 - -65 - 50)?
-13
What is (8 - -8) + -18 - (1 + -8) - 5?
0
Calculate 1 - (-15 + 6 - (9 - 13)).
6
What is the value of 13 + (-17 - (0 + 13 + -13))?
-4
What is the value of (13 + -5 - (4 - -4)) + 4?
4
Calculate (-14 + 5 + 14 - 2) + (-9 - -12).
6
What is -20 - (1 - (-7 + 5 + 11 + -9))?
-21
Calculate -13 + (5 + 2 - 15) - (-4 - -1).
-18
Calculate 70 + -12 + 54 + -85.
27
What is the value of (-2 - (-1 - -5 - 8)) + 2?
4
What is (11 - -1) + -9 + -2?
1
Evaluate 3 - -2 - (-25 - (-17 - -1)).
14
What is 37 + 1 + -13 + -28?
-3
-25 + 2 + (10 + 12 - 4 - 15)
-20
-35 - (-25 + -10 - (-2 - 17))
-19
Evaluate (22 - 2) + 4 - 8 - -1.
17
2 + 1 + -17 - -25
11
(3 - -11) + (3 - (5 + 6))
6
Evaluate 11 - (2 + -2) - ((139 - 68) + -79).
19
What is (-1 - -2) + 5 + -13 + (-9 - -16)?
0
What is the value of 10 + -7 + 3 + (8 - 7)?
7
325 - 352 - (-8 - (-3 + 3))
-19
What is 0 - (4 + -3 + 6)?
-7
9 + (8 + (-19 + -4 - -6) - -21)
21
-5 - -8 - -2 - 11
-6
What is the value of 1 + -11 + (-28 - -50)?
12
Evaluate -29 - (12 - (-9 + 32)).
-18
Evaluate -2 + (1 - 1 - -2) + -17 + 23.
6
Evaluate 2 + (-18 - (-7 + -11 + 9) - -2).
-5
Evaluate -23 + -23 + 85 + -3.
36
What is the value of -38 + -39 + 37 + 49?
9
(-12 - 8 - -9) + -5 + -4
-20
What is (-15 + -14 - -13) + 3?
-13
Evaluate -37 - (-8 - -3 - -1) - (14 - 18).
-29
What is (1843 - 1855) + -3 + 1?
-14
What is -34 - (4 + -24 + 6) - (-1 + -4)?
-15
What is (27 - 18) + -5 + -11?
-7
Evaluate (13 + 8 - 16) + 13 + -4.
14
Calculate 10 - (-10 + 25 + -7 - -6).
-4
What is -3 + 12 + 24 - 18?
15
What is the value of (12 - 5 - -8 - (-2 - -6)) + -33?
-22
(-8 - -4) + 2 - (-7 + (-1 - -2))
4
Evaluate (-5 - 6) + (-17 - 14) + 31.
-11
Calculate (5 + 4 - -2) + -9.
2
What is (-1 - (-1 - -2) - 15) + -31 + 27?
-21
Evaluate (-2 + 3 + 0 - 4) + 49 + -34.
12
Calculate 28 + -14 - (25 - 4).
-7
What is ((-2 - -1) + 2 - 6) + 0 - 12?
-17
29 - (2 + -2) - (39 - -3 - 49)
36
Calculate -1 - (-30 + (-20 - -46)).
3
What is 1 + 1 - (2 + -5 + -4 + 5)?
4
What is the value of 8 + 7 + -13 + 1 + 10?
13
What is -28 + 38 - (1 - -3 - (5 + -6))?
5
What is 6 + -6 - -7 - (-4 - -4 - -29)?
-22
What is the value of (265 + -237 - (-1 + 2)) + -5?
22
(6 + -15 - (-1 + 6 + -10)) + 9
5
(-23 + 9 - -9) + 19
14
What is the value of -14 + (0 - -25) + 8?
19
Evaluate -13 - (-3 + (10 - 32)).
12
Calculate 38 + (0 - (2 - 7)) + 49 + -54.
38
What is (-28 - -17) + -4 + 24?
9
What is the value of 5 + 1 + -5 - 29 - (14 + -22)?
-20
Calculate (1 - (-3 + 14) - 1) + 9.
-2
-1 + -35 - (-269 - -218)
15
Evaluate (-20 - 37) + 25 - -61.
29
(-5 - (3 + 2 - 14)) + -4
0
Evaluate 6 + (-17 - (12 + -18)).
-5
Evaluate (-71 - -49) + (6 - 6) + 2.
-20
-5 + 5 + -7 + 10 - (6 - -11)
-14
Calculate -34 + 34 - (-1 - (-8 + 3 + -1)).
-5
Calculate 0 - (-3 + -6 - (-21 + 17)).
5
(27 - 18 - (-1 - -13)) + 8
5
Calculate (16 + -2 + -5 - (-2 - -11)) + 21.
21
-11 - (13 + -33 + 24)
-15
What is -26 - (-22 - 3) - 21?
-22
What is the value of -1 - ((-8 - -4) + (-22 - -36))?
-11
What is 0 + 0 - (-26 - (6 + -31))?
1
What is the value of (23 - 20) + (-2 - (9 + -34))?
26
Calculate (-3 - (3 + 7) - 3) + -1 + 3.
-14